244 (base 7) in base 16?
d434
-40 (base 13) to base 4
-310
1898 (base 11) to base 14
c3c
1010010100011101 (base 2) to base 7
234143
16261 (base 8) to base 14
2969
6001 (base 8) to base 13
1525
-1210 (base 3) to base 13
-39
143 (base 8) to base 2
1100011
Convert 101111001 (base 2) to base 14.
1cd
What is 231 (base 11) in base 4?
10110
What is 10a31 (base 11) in base 13?
72cc
Convert -331 (base 11) to base 10.
-397
Convert 663 (base 10) to base 7.
1635
Convert 1000110000 (base 2) to base 15.
275
What is -1211 (base 6) in base 15?
-14a
What is -575 (base 9) in base 2?
-111011001
What is -6262 (base 7) in base 11?
-1720
11443 (base 8) to base 10
4899
What is 339 (base 14) in base 13?
3a2
-11124 (base 5) to base 16
-315
-11110100100 (base 2) to base 16
-7a4
What is -1648 (base 9) in base 8?
-2353
61680 (base 9) to base 2
1001111011001101
What is -11011011011101 (base 2) in base 10?
-14045
Convert -6520 (base 12) to base 5.
-323422
-222212210 (base 3) to base 4
-10302030
What is -6d4 (base 16) in base 6?
-12032
3210 (base 7) to base 3
1120000
What is -1937 (base 11) in base 2?
-100110011100
35240 (base 7) to base 9
13358
-1a5 (base 13) to base 8
-460
Convert -10001000000 (base 2) to base 3.
-1111022
What is 15b28 (base 12) in base 5?
1442432
-21311 (base 5) to base 12
-a14
-3145 (base 15) to base 13
-4982
Convert -5518 (base 9) to base 10.
-4067
Convert -202e (base 15) to base 10.
-6794
Convert -18087 (base 12) to base 3.
-1202112211
Convert 23060 (base 7) to base 13.
289a
112243 (base 6) to base 10
9603
67f1 (base 16) to base 15
7d3e
What is 44312 (base 5) in base 7?
11662
What is -47372 (base 9) in base 12?
-1639b
Convert -2341 (base 5) to base 15.
-181
What is -5658 (base 13) in base 9?
-17503
What is -214152 (base 6) in base 14?
-66a0
What is 12875 (base 10) in base 9?
18585
What is -30 (base 4) in base 8?
-14
What is 2403 (base 11) in base 13?
1583
What is -2723 (base 8) in base 15?
-696
2520 (base 11) to base 9
4454
-30101 (base 5) to base 8
-3555
Convert -65673 (base 8) to base 7.
-143256
Convert -203 (base 9) to base 14.
-bb
3a5 (base 11) to base 16
1de
Convert 1012120 (base 3) to base 16.
36f
What is -100111 (base 3) in base 12?
-194
What is 211211 (base 3) in base 14?
320
What is 1649 (base 13) in base 4?
303020
What is 2122102 (base 3) in base 11?
14a3
-21112220 (base 3) to base 12
-3229
What is -e3 (base 15) in base 5?
-1323
What is -13364 (base 7) in base 14?
-146b
211122 (base 3) to base 14
319
What is 102020 (base 3) in base 2?
100101111
What is -44055 (base 7) in base 16?
-2b08
1dc (base 16) to base 4
13130
12324 (base 5) to base 16
3c4
-10882 (base 9) to base 2
-1110001110011
Convert -288 (base 11) to base 8.
-522
What is -190 (base 13) in base 16?
-11e
What is 101 (base 12) in base 4?
2101
What is -1d5 (base 15) in base 16?
-1a9
-154243 (base 7) to base 3
-1112120201
Convert 2022101 (base 3) to base 10.
1684
What is -5031 (base 7) in base 15?
-7ac
What is -102201 (base 5) in base 6?
-23510
What is 5b5 (base 16) in base 5?
21321
What is 255 (base 7) in base 5?
1023
-13bb (base 12) to base 9
-3138
Convert -1282 (base 16) to base 13.
-2206
-212253 (base 7) to base 12
-19399
What is 2aa6 (base 15) in base 3?
110120010
-7a (base 16) to base 12
-a2
-120012 (base 3) to base 5
-3120
Convert -1002112212 (base 3) to base 11.
-15204
What is 7aad (base 15) in base 5?
1313123
What is -1b87 (base 14) in base 11?
-3853
33114 (base 7) to base 4
2001210
What is 20a2 (base 13) in base 15?
151b
-123050 (base 6) to base 3
-120011010
Convert 1563 (base 11) to base 8.
3725
Convert -11001010101 (base 2) to base 8.
-3125
352 (base 14) to base 7
1632
Convert 13330 (base 4) to base 9.
624
Convert -42 (base 16) to base 12.
-56
What is -2366 (base 8) in base 6?
-5514
What is 387 (base 10) in base 5?
3022
What is 42b93 (base 12) in base 15?
1b180
-10010123 (base 4) to base 12
-978b
What is -476 (base 13) in base 10?
-773
Convert 147 (base 11) to base 9.
211
Convert 16560 (base 7) to base 14.
1a30
-331 (base 14) to base 15
-2c1
What is -223100 (base 4) in base 2?
-101011010000
Convert 101032 (base 5) to base 10.
3267
Convert 44410 (base 5) to base 7.
12024
Convert -1212 (base 6) to base 3.
-101222
What is 9889 (base 12) in base 10?
16809
-201346 (base 7) to base 9
-51741
What is 898 (base 10) in base 8?
1602
Convert -5454 (base 11) to base 13.
-3379
Convert -ab0 (base 15) to base 11.
-18a6
Convert 3178 (base 16) to base 7.
51631
Convert -141cc (base 14) to base 8.
-141150
Convert 10053 (base 13) to base 7.
146316
10100332 (base 4) to base 10
17470
What is -1111000011110 (base 2) in base 16?
-1e1e
Convert 231 (base 11) to base 16.
114
-275c (base 15) to base 10
-8412
Convert 11414 (base 10) to base 13.
5270
What is -13a11 (base 13) in base 5?
-2134411
Convert 8a79 (base 12) to base 5.
442412
What is -250b (base 13) in base 15?
-1850
1054 (base 12) to base 4
130000
Convert -616b (base 12) to base 16.
-2963
-10011100100 (base 2) to base 11
-a39
What is a049 (base 12) in base 3?
212210010
Convert -260 (base 11) to base 5.
-2213
58 (base 13) to base 6
201
-3060 (base 7) to base 10
-1071
What is -2224 (base 7) in base 4?
-30202
-59 (base 13) to base 9
-82
Convert -40211 (base 9) to base 3.
-1100020101
What is -1000 (base 12) in base 8?
-3300
-1ac (base 15) to base 4
-12003
-74b (base 15) to base 13
-998
Convert -21cb (base 13) to base 4.
-1021322
34315 (base 8) to base 10
14541
Convert 323230 (base 5) to base 4.
2230321
Convert 851 (base 16) to base 8.
4121
What is -119 (base 12) in base 5?
-1130
What is -111011100 (base 2) in base 10?
-476
What is -331000 (base 4) in base 11?
-2a2a
-34b (base 12) to base 3
-200012
24331 (base 5) to base 16
731
What is -71 (base 9) in base 2?
-1000000
-4185 (base 16) to base 10
-16773
-176d (base 14) to base 9
-5701
-137 (base 12) to base 16
-bb
-10102100 (base 3) to base 16
-9bd
-14887 (base 9) to base 5
-311304
-3641 (base 12) to base 13
-2a10
What is 1551 (base 6) in base 12?
2b7
What is -2874 (base 10) in base 12?
-17b6
39c4 (base 13) to base 2
10000001010000
Convert 2242 (base 6) to base 2.
1000010010
977 (base 10) to base 6
4305
Convert -1412 (base 6) to base 14.
-1c4
6263 (base 10) to base 5
200023
Convert -3b6 (base 12) to base 13.
-34b
What is -3410030 (base 5) in base 11?
-410aa
Convert b038 (base 15) to base 16.
913a
-3220 (base 7) to base 10
-1141
Convert -110203 (base 5) to base 6.
-25335
23024 (base 6) to base 2
110010111000
Convert 564 (base 8) to base 14.
1c8
-2102 (base 8) to base 13
-65b
What is 14aa4 (base 11) in base 4?
11030221
-1024 (base 5) to base 10
-139
1383 (base 13) to base 2
101011111011
633 (base 8) to base 3
120020
Convert -12230 (base 4) to base 9.
-525
21144 (base 6) to base 16
b38
10a (base 14) to base 9
248
Convert 1110011110000 (base 2) to base 3.
101011101
Convert 262 (base 7) to base 14.
a2
67310 (base 8) to base 14
a49a
53 (base 12) to base 5
223
-104c (base 15) to base 8
-6567
Convert -129 (base 12) to base 13.
-108
410 (base 11) to base 16
1ef
Convert -9 (base 13) to base 3.
-100
275d (base 15) to base 7
33346
What is 10505 (base 6) in base 11?
1127
2002000 (base 3) to base 10
1512
Convert -33003 (base 4) to base 14.
-4cb
Convert -150614 (base 7) to base 11.
-1a970
Convert -628 (base 14) to base 2.
-10010111100
4893 (base 10) to base 11
3749
-75b (base 14) to base 4
-112231
Convert -1d5 (base 14) to base 15.
-1a8
-248 (base 12) to base 13
-206
Convert -363a (base 12) to base 4.
-1133032
What is 436 (base 10) in base 12?
304
Convert -31cc (base 16) to base 6.
-135004
What is -2612 (base 10) in base 12?
-1618
Convert 1639 (base 12) to base 4.
221031
-10021101102 (base 3) to base 2
-1111101110110001
What is -11110000011 (base 2) in base 11?
-1499
What is -11011101101110 (base 2) in base 3?
-201110120
What is -13102 (base 12) in base 4?
-12113102
Convert -2372 (base 9) to base 6.
-12102
Convert -1576 (base 13) to base 8.
-6103
Convert -364 (base 10) to base 11.
-301
What is -433041 (base 5) in base 3?
-202021002
What is -130025 (base 7) in base 9?
-35858
Convert 11101101110001 (base 2) to base 4.
3231301
What is -2d66 (base 16) in base 5?
-332442
What is -10000001010 (base 2) in base 9?
-1368
What is -42e (base 15) in base 2?
-1110110000
-45679 (base 10) to base 8
-131157
Convert -26419 (base